What is the billions digit of 5480081074?
5
What is the hundred millions digit of 105903587?
1
What is the hundred millions digit of 182814235?
1
What is the tens digit of 197148595?
9
What is the thousands digit of 60604112?
4
What is the hundreds digit of 82138264?
2
What is the ten millions digit of 39730779?
3
What is the hundreds digit of 37519289?
2
What is the tens digit of 257774879?
7
What is the hundred millions digit of 141363007?
1
What is the units digit of 1008437579?
9
What is the units digit of 6482510?
0
What is the tens digit of 649355518?
1
What is the hundreds digit of 6668730?
7
What is the ten thousands digit of 4873448988?
4
What is the tens digit of 58311208?
0
What is the units digit of 16558978?
8
What is the ten thousands digit of 45760755?
6
What is the hundred thousands digit of 1717896084?
8
What is the millions digit of 6039130?
6
What is the ten thousands digit of 4117983492?
8
What is the hundred millions digit of 2221738575?
2
What is the thousands digit of 4066288183?
8
What is the units digit of 181816310?
0
What is the ten thousands digit of 54158394?
5
What is the ten thousands digit of 404947552?
4
What is the hundreds digit of 189008939?
9
What is the millions digit of 5035038?
5
What is the ten millions digit of 72867399?
7
What is the ten thousands digit of 9318602?
1
What is the thousands digit of 391202662?
2
What is the hundred thousands digit of 685024133?
0
What is the tens digit of 2827309224?
2
What is the billions digit of 2040290485?
2
What is the millions digit of 41060592?
1
What is the tens digit of 3859036623?
2
What is the ten thousands digit of 310815770?
1
What is the ten millions digit of 64310543?
6
What is the hundred millions digit of 567820045?
5
What is the millions digit of 235864168?
5
What is the billions digit of 1095516335?
1
What is the thousands digit of 40149185?
9
What is the thousands digit of 2443603885?
3
What is the hundred thousands digit of 2023912648?
9
What is the millions digit of 663065506?
3
What is the billions digit of 1074836930?
1
What is the tens digit of 32250061?
6
What is the billions digit of 2263356309?
2
What is the ten thousands digit of 1248222837?
2
What is the tens digit of 15682289?
8
What is the units digit of 13635608?
8
What is the thousands digit of 17628937?
8
What is the hundred millions digit of 391728409?
3
What is the ten thousands digit of 656165438?
6
What is the ten millions digit of 1332471025?
3
What is the millions digit of 26904464?
6
What is the millions digit of 2245364061?
5
What is the units digit of 2124665836?
6
What is the thousands digit of 1854371097?
1
What is the hundred millions digit of 3133311798?
1
What is the thousands digit of 687906974?
6
What is the units digit of 1425758937?
7
What is the tens digit of 293914142?
4
What is the hundred thousands digit of 168113766?
1
What is the thousands digit of 755763124?
3
What is the ten thousands digit of 4940476379?
7
What is the tens digit of 21537731?
3
What is the thousands digit of 209878618?
8
What is the hundred thousands digit of 3498726551?
7
What is the tens digit of 666305585?
8
What is the units digit of 79758562?
2
What is the ten millions digit of 16195619?
1
What is the units digit of 60019475?
5
What is the hundred thousands digit of 111447075?
4
What is the hundreds digit of 310752423?
4
What is the thousands digit of 2370363969?
3
What is the ten thousands digit of 6847390357?
9
What is the units digit of 257368557?
7
What is the ten millions digit of 760904881?
6
What is the units digit of 311637706?
6
What is the ten thousands digit of 2437500?
3
What is the thousands digit of 3049825551?
5
What is the thousands digit of 51171973?
1
What is the tens digit of 6296656191?
9
What is the millions digit of 903958172?
3
What is the ten millions digit of 1082190141?
8
What is the tens digit of 2836238185?
8
What is the thousands digit of 16060010?
0
What is the hundred thousands digit of 643487499?
4
What is the hundred thousands digit of 780225794?
2
What is the ten millions digit of 183439381?
8
What is the ten thousands digit of 14985732?
8
What is the ten millions digit of 311624564?
1
What is the millions digit of 1636393223?
6
What is the ten thousands digit of 87477394?
7
What is the units digit of 8730296?
6
What is the ten thousands digit of 20528313?
2
What is the thousands digit of 51379445?
9
What is the millions digit of 836337803?
6
What is the thousands digit of 5287740718?
0
What is the ten millions digit of 18060456?
1
What is the units digit of 6203237074?
4
What is the thousands digit of 152771772?
1
What is the hundreds digit of 739102328?
3
What is the tens digit of 497918259?
5
What is the tens digit of 69042798?
9
What is the hundreds digit of 2356561922?
9
What is the ten millions digit of 286755412?
8
What is the hundred thousands digit of 57297762?
2
What is the tens digit of 55392962?
6
What is the hundred thousands digit of 3230226668?
2
What is the hundred thousands digit of 585758570?
7
What is the ten millions digit of 36942951?
3
What is the billions digit of 1657771915?
1
What is the hundred thousands digit of 3476403685?
4
What is the ten thousands digit of 165701015?
0
What is the units digit of 314571473?
3
What is the ten thousands digit of 3846541639?
4
What is the thousands digit of 650698455?
8
What is the ten millions digit of 454171543?
5
What is the units digit of 17166317?
7
What is the millions digit of 586851948?
6
What is the hundred thousands digit of 567362062?
3
What is the ten millions digit of 51171765?
5
What is the tens digit of 19962694?
9
What is the billions digit of 2390742494?
2
What is the units digit of 123632957?
7
What is the hundred millions digit of 468214917?
4
What is the units digit of 882268757?
7
What is the tens digit of 5740725803?
0
What is the millions digit of 52356291?
2
What is the hundreds digit of 393403927?
9
What is the ten thousands digit of 54767647?
6
What is the billions digit of 2987477558?
2
What is the ten thousands digit of 3317993056?
9
What is the millions digit of 1157384756?
7
What is the thousands digit of 356760963?
0
What is the hundreds digit of 7666187?
1
What is the hundred millions digit of 2484022958?
4
What is the thousands digit of 43064927?
4
What is the hundred millions digit of 136671807?
1
What is the hundred thousands digit of 40932349?
9
What is the thousands digit of 3126121989?
1
What is the thousands digit of 64934114?
4
What is the ten thousands digit of 181839322?
3
What is the ten thousands digit of 2421475208?
7
What is the ten millions digit of 72190740?
7
What is the tens digit of 186217765?
6
What is the hundred thousands digit of 2375189755?
1
What is the millions digit of 3707339636?
7
What is the hundred thousands digit of 139585066?
5
What is the hundred thousands digit of 1980272700?
2
What is the millions digit of 237440137?
7
What is the ten millions digit of 442634807?
4
What is the hundred thousands digit of 2883327941?
3
What is the hundred millions digit of 1428670269?
4
What is the thousands digit of 441099616?
9
What is the tens digit of 4849339474?
7
What is the hundred thousands digit of 623526885?
5
What is the hundred thousands digit of 47696040?
6
What is the units digit of 1929078172?
2
What is the ten thousands digit of 4228608846?
0
What is the ten millions digit of 248718762?
4
What is the thousands digit of 119895699?
5
What is the hundreds digit of 48120877?
8
What is the ten thousands digit of 76492071?
9
What is the hundreds digit of 43576416?
4
What is the thousands digit of 48041639?
1
What is the units digit of 641307116?
6
What is the hundreds digit of 315559015?
0
What is the ten millions digit of 293838359?
9
What is the hundred thousands digit of 197267744?
2
What is the hundred thousands digit of 622468357?
4
What is the hundreds digit of 129827921?
9
What is the hundred thousands digit of 4124386189?
3
What is the thousands digit of 324436122?
6
What is the millions digit of 838372813?
8
What is the hundreds digit of 42623225?
2
What is the hundred thousands digit of 54552779?
5
What is the hundred millions digit of 1251059503?
2
What is the ten millions digit of 61311644?
6
What is the ten thousands di